2102200
In base 16, what is -138d + -2?
-138f
In base 15, what is 1158 + -1?
1157
In base 2, what is 10110001011 + -110011?
10101011000
In base 9, what is 2 + -23637?
-23635
In base 8, what is -320271 - -3?
-320266
In base 6, what is 100355 - -13?
100412
In base 14, what is d - a899?
-a88a
In base 8, what is -2324016 + 3?
-2324013
In base 8, what is 11252 - 1064?
10166
In base 5, what is -13 + -14403021?
-14403034
In base 2, what is -10110110111 + 110?
-10110110001
In base 13, what is -15 + -3770?
-3785
In base 10, what is -854335 - -4?
-854331
In base 6, what is 1444430 - -2?
1444432
In base 15, what is e - 2100d?
-20eee
In base 8, what is -7 - 435?
-444
In base 3, what is -101201 + 222?
-100202
In base 5, what is 121414 - 111?
121303
In base 13, what is 2 + 19896?
19898
In base 14, what is -5b96 - -2a?
-5b6a
In base 14, what is -ad - -38cb?
381c
In base 11, what is -2132a - 19?
-21348
In base 2, what is -10000 + -11010110001100101?
-11010110001110101
In base 6, what is -3524 + -41?
-4005
In base 2, what is 0 - 1010111111101001?
-1010111111101001
In base 12, what is 3548 - a?
353a
In base 6, what is -1203 - -13315?
12112
In base 8, what is 0 + -2302252?
-2302252
In base 2, what is -1100110001011100001 + -1?
-1100110001011100010
In base 15, what is -4 - 368c?
-3691
In base 14, what is -5dd + -4?
-603
In base 3, what is 2 - 1010110001?
-1010102222
In base 10, what is -729 - -2524?
1795
In base 4, what is 2231202 + 11?
2231213
In base 6, what is -122 + -10442?
-11004
In base 4, what is 330 - 11120311?
-11113321
In base 2, what is -1001000 + -100111010110?
-101000011110
In base 3, what is -220112 - -11102?
-202010
In base 4, what is -223 + 1023101?
1022212
In base 12, what is -20b86 - 0?
-20b86
In base 10, what is 76 + -19109?
-19033
In base 15, what is -2e + -30b2?
-30e1
In base 4, what is -2103332 + 1?
-2103331
In base 2, what is 10111 + 10111000100?
10111011011
In base 2, what is 100 - 11010010101001?
-11010010100101
In base 6, what is -5 - 2121032?
-2121041
In base 8, what is 15 - -236?
253
In base 3, what is 12 + 110112212121?
110112212210
In base 10, what is 6550 + 7?
6557
In base 5, what is 10 - -401032?
401042
In base 5, what is 4 - -2344130?
2344134
In base 5, what is 2 - 10104010?
-10104003
In base 12, what is -7 + -846?
-851
In base 16, what is -7e90 + 71?
-7e1f
In base 5, what is 11 - 1134002?
-1133441
In base 13, what is 8a45 - 21?
8a24
In base 11, what is -2488 + 363?
-2125
In base 8, what is -102 - 50440?
-50542
In base 10, what is -279 - 79?
-358
In base 3, what is -10011020221 + 2011?
-10011011210
In base 7, what is -250350 - 153?
-250533
In base 12, what is -6b1 + -a2?
-793
In base 12, what is -94624 + 1?
-94623
In base 10, what is 5 + -122128?
-122123
In base 16, what is -45 + c5b7?
c572
In base 10, what is 182 - 3972?
-3790
In base 6, what is 4 - 201241?
-201233
In base 12, what is -10040 - 1b?
-1005b
In base 16, what is 3eb - -10?
3fb
In base 4, what is 1032211 + -31?
1032120
In base 2, what is 1001110 - -11010011101?
11011101011
In base 9, what is 0 - -36154?
36154
In base 15, what is 3 - -35d3e?
35d42
In base 9, what is -3302 - 150?
-3452
In base 2, what is 1100111 - 10110100100?
-10100111101
In base 5, what is 122 + -111?
11
In base 15, what is 0 + 4c29?
4c29
In base 13, what is -97 - -ac9?
a32
In base 15, what is -381 - 313?
-694
In base 4, what is -320031 + 13202?
-300223
In base 13, what is 65a8 - 3c?
6569
In base 14, what is -63 - -2837?
27b4
In base 13, what is -5 - -67796?
67791
In base 9, what is 3422 - -473?
4005
In base 16, what is -6e00e + -4?
-6e012
In base 2, what is -10010011011010010100010 + -10?
-10010011011010010100100
In base 12, what is -264b + 114?
-2537
In base 5, what is -110224 + 413?
-104311
In base 2, what is 101 + 10111011001101?
10111011010010
In base 2, what is 100001100 + 111001001?
1011010101
In base 11, what is 3712 + 97?
37a9
In base 13, what is -7672 - -9?
-7666
In base 12, what is 36283 - 1?
36282
In base 14, what is 7b + -1339?
-129c
In base 10, what is 2652 - 275?
2377
In base 5, what is -1 + -1022431?
-1022432
In base 5, what is 34002 + -3010?
30442
In base 10, what is 14179 - -10?
14189
In base 16, what is -47 - -16f?
128
In base 6, what is 14344524 - -2?
14344530
In base 7, what is 10251 - -566?
11150
In base 5, what is 12311410 + -2?
12311403
In base 11, what is 66 - 421?
-366
In base 16, what is 5 + -8c8e?
-8c89
In base 13, what is 2aca4 - -2?
2aca6
In base 10, what is -24 - -642?
618
In base 8, what is -3 + -100026?
-100031
In base 10, what is 6079 - 5?
6074
In base 14, what is 6855 - 11?
6844
In base 9, what is -68300 + -1?
-68301
In base 8, what is 57 - 22752?
-22673
In base 5, what is 0 - -23003344?
23003344
In base 5, what is 11032210 - -2?
11032212
In base 2, what is 1101100110 - -10000?
1101110110
In base 6, what is 4 - 134314?
-134310
In base 6, what is -324424423 + 0?
-324424423
In base 3, what is 22212102 + -10?
22212022
In base 10, what is 7249 + 44?
7293
In base 12, what is -3 - -2223?
2220
In base 12, what is -2 - -101613?
101611
In base 6, what is -1340 - 2323?
-4103
In base 13, what is -8 + 13411?
13406
In base 7, what is -22 - -5644?
5622
In base 9, what is 615 - 5146?
-4431
In base 7, what is -231654 - -3?
-231651
In base 7, what is 123344 - 63?
123251
In base 9, what is 283755 - 12?
283743
In base 2, what is 110 - -111000100000?
111000100110
In base 14, what is 14 + -1bcac?
-1bc98
In base 11, what is -7a5 - -68?
-738
In base 12, what is -8 + -b78?
-b84
In base 6, what is -5 + -403235?
-403244
In base 15, what is 142385 + 4?
142389
In base 14, what is -229 + 10?
-219
In base 6, what is 0 + 10133334?
10133334
In base 2, what is 10001110 + 111010011?
1001100001
In base 5, what is 2 - 1101401?
-1101344
In base 13, what is 2 - 5219?
-5217
In base 9, what is 13601 - -205?
13806
In base 10, what is -5345 + -244?
-5589
In base 4, what is -133 + 200303310?
200303111
In base 12, what is 464a + -90?
457a
In base 3, what is 11012222 - 121122?
10121100
In base 2, what is -1001110010100000101001 - 10?
-1001110010100000101011
In base 14, what is 2 - 6392?
-6390
In base 2, what is -1000111 - -11001000011011?
11000111010100
In base 2, what is 1101 + 111100100?
111110001
In base 11, what is -3202814 - 3?
-3202817
In base 2, what is -101111 - -100101110111?
100101001000
In base 9, what is 531072 + -6?
531065
In base 14, what is 5a + -4a3?
-447
In base 8, what is -5 + 2270451?
2270444
In base 4, what is 312200203 + -3?
312200200
In base 14, what is -3 - 1217da?
-1217dd
In base 10, what is -77 + 68?
-9
In base 12, what is -6a - 1742?
-17b0
In base 9, what is -3 + 1014771?
1014767
In base 5, what is -4042303 + 0?
-4042303
In base 14, what is -35ac - 16?
-35c4
In base 13, what is c - 3625?
-3616
In base 7, what is 3 + -16314?
-16311
In base 13, what is -30c0 + 31?
-308c
In base 9, what is -2338 + 16?
-2322
In base 4, what is -13 + 111230?
111211
In base 7, what is 4643 + 121?
5064
In base 7, what is -30155133 - -3?
-30155130
In base 2, what is 10000111000100100000 + 0?
10000111000100100000
In base 5, what is 1 + 322413411?
322413412
In base 14, what is 7 + 14347?
14350
In base 6, what is -4 + 31230515?
31230511
In base 13, what is 7863 + -5?
785b
In base 16, what is -b + -3c8?
-3d3
In base 8, what is -171 + 1762?
1571
In base 4, what is 1223203220 - -11?
1223203231
In base 10, what is 12 - 461?
-449
In base 9, what is -3 + 604362?
604358
In base 7, what is 1215553 + -1?
1215552
In base 8, what is 13007 - 126?
12661
In base 11, what is -405 - -114?
-2a1
In base 9, what is 3 + 15882?
15885
In base 7, what is -2044 + 1621?
-123
In base 5, what is -124 + -33104?
-33233
In base 8, what is -1703 + -2472?
-4375
In base 8, what is -4077257 + 4?
-4077253
In base 15, what is -2 - 14e5b?
-14e5d
In base 3, what is 2 + -211101110?
-211101101
In base 10, what is 25606 + -38?
25568
In base 6, what is 123545 + -321?
123224
In base 15, what is -5 - 21a2?
-21a7
In base 10, what is -4242 + 8?
-4234
In base 16, what is 3 - -4d22f?
4d232
In base 4, what is 11 + 331031230?
331031301
In base 10, what is -591 + 93?
-498
In base 9, what is -238344 - 4?
-238348
In base 3, what is 10110100 - 1222012?
1111011
In base 15, what is c3 - -1a1a?
1add
In base 16, what is 1d27 - -2b?
1d52
In base 3, what is -202 - 102